 166508 is divided by 133?
125
What is the remainder when 67508 is divided by 300?
8
What is the remainder when 123447 is divided by 10?
7
Calculate the remainder when 4082779 is divided by 533.
532
What is the remainder when 53465 is divided by 516?
317
Calculate the remainder when 595254 is divided by 22894.
10
Calculate the remainder when 1411 is divided by 12.
7
What is the remainder when 31817 is divided by 1223?
19
Calculate the remainder when 38836 is divided by 59.
14
What is the remainder when 74769 is divided by 74757?
12
What is the remainder when 305133 is divided by 542?
529
Calculate the remainder when 318807 is divided by 14.
13
Calculate the remainder when 8575 is divided by 153.
7
What is the remainder when 8833 is divided by 93?
91
What is the remainder when 231627 is divided by 77208?
3
Calculate the remainder when 23557 is divided by 3508.
2509
Calculate the remainder when 2021141 is divided by 152.
149
What is the remainder when 1953 is divided by 366?
123
Calculate the remainder when 91 is divided by 8.
3
What is the remainder when 8186 is divided by 2714?
44
Calculate the remainder when 14811 is divided by 548.
15
What is the remainder when 26796 is divided by 26762?
34
Calculate the remainder when 6778 is divided by 12.
10
Calculate the remainder when 83141 is divided by 197.
7
What is the remainder when 2074 is divided by 1011?
52
What is the remainder when 280085 is divided by 78?
65
Calculate the remainder when 8469 is divided by 471.
462
What is the remainder when 83742 is divided by 12?
6
What is the remainder when 59691 is divided by 92?
75
What is the remainder when 4065 is divided by 2028?
9
Calculate the remainder when 398 is divided by 312.
86
Calculate the remainder when 2745 is divided by 139.
104
Calculate the remainder when 29974 is divided by 9960.
94
Calculate the remainder when 5870 is divided by 876.
614
What is the remainder when 13204 is divided by 98?
72
Calculate the remainder when 1078948 is divided by 3.
1
Calculate the remainder when 14355 is divided by 68.
7
What is the remainder when 18039 is divided by 3256?
1759
What is the remainder when 26977 is divided by 391?
389
Calculate the remainder when 9399 is divided by 783.
3
What is the remainder when 34986 is divided by 297?
237
Calculate the remainder when 97472 is divided by 26.
24
Calculate the remainder when 6393 is divided by 814.
695
What is the remainder when 1832 is divided by 101?
14
What is the remainder when 1972 is divided by 489?
16
What is the remainder when 6833 is divided by 67?
66
Calculate the remainder when 38849 is divided by 19423.
3
Calculate the remainder when 9888 is divided by 197.
38
What is the remainder when 509266 is divided by 31?
29
Calculate the remainder when 1047 is divided by 173.
9
Calculate the remainder when 1579 is divided by 403.
370
Calculate the remainder when 4178 is divided by 284.
202
What is the remainder when 16959 is divided by 2112?
63
Calculate the remainder when 300846 is divided by 22.
18
What is the remainder when 229018 is divided by 32713?
27
What is the remainder when 6502 is divided by 3095?
312
What is the remainder when 3116 is divided by 253?
80
Calculate the remainder when 14000 is divided by 1744.
48
Calculate the remainder when 16267 is divided by 510.
457
What is the remainder when 71620 is divided by 18?
16
What is the remainder when 136 is divided by 37?
25
Calculate the remainder when 60271 is divided by 159.
10
Calculate the remainder when 491290 is divided by 9.
7
What is the remainder when 10751 is divided by 11?
4
What is the remainder when 268594 is divided by 70?
4
What is the remainder when 11851 is divided by 5917?
17
Calculate the remainder when 1981 is divided by 1888.
93
What is the remainder when 7525 is divided by 27?
19
Calculate the remainder when 32505 is divided by 419.
242
What is the remainder when 35470 is divided by 17734?
2
What is the remainder when 2263 is divided by 198?
85
Calculate the remainder when 2114 is divided by 299.
21
Calculate the remainder when 18164 is divided by 1211.
1210
What is the remainder when 24550 is divided by 66?
64
What is the remainder when 2145 is divided by 6?
3
Calculate the remainder when 3847 is divided by 392.
319
What is the remainder when 206460 is divided by 401?
346
Calculate the remainder when 39351 is divided by 703.
686
Calculate the remainder when 40105 is divided by 748.
461
Calculate the remainder when 1236827 is divided by 14.
11
Calculate the remainder when 5637 is divided by 1347.
249
Calculate the remainder when 5007 is divided by 358.
353
What is the remainder when 17744 is divided by 5746?
506
What is the remainder when 728 is divided by 46?
38
Calculate the remainder when 27351 is divided by 47.
44
What is the remainder when 262 is divided by 14?
10
What is the remainder when 17308 is divided by 4320?
28
What is the remainder when 179825 is divided by 61?
58
What is the remainder when 26359 is divided by 203?
172
What is the remainder when 245837 is divided by 112?
109
Calculate the remainder when 4748 is divided by 21.
2
What is the remainder when 10157 is divided by 112?
77
What is the remainder when 3461 is divided by 25?
11
Calculate the remainder when 24829 is divided by 216.
205
Calculate the remainder when 26107 is divided by 358.
331
Calculate the remainder when 19189 is divided by 44.
5
Calculate the remainder when 68924 is divided by 840.
44
What is the remainder when 4859 is divided by 1212?
11
What is the remainder when 120957 is divided by 307?
306
What is the remainder when 50399 is divided by 319?
316
What is the remainder when 264547 is divided by 541?
539
Calculate the remainder when 10289 is divided by 93.
59
What is the remainder when 73357 is divided by 111?
97
What is the remainder when 638095 is divided by 30?
25
What is the remainder when 108623 is divided by 862?
11
What is the remainder when 2897 is divided by 209?
180
Calculate the remainder when 23935 is divided by 1709.
9
Calculate the remainder when 11395 is divided by 393.
391
Calculate the remainder when 6894 is divided by 6892.
2
What is the remainder when 814782 is divided by 64?
62
Calculate the remainder when 764 is divided by 66.
38
What is the remainder when 2654 is divided by 2552?
102
Calculate the remainder when 4520 is divided by 472.
272
Calculate the remainder when 79453 is divided by 290.
283
Calculate the remainder when 1625 is divided by 400.
25
What is the remainder when 10951 is divided by 912?
7
Calculate the remainder when 2495 is divided by 77.
31
What is the remainder when 42796 is divided by 16?
12
What is the remainder when 89067 is divided by 389?
375
Calculate the remainder when 64408 is divided by 176.
168
Calculate the remainder when 31842 is divided by 7951.
38
What is the remainder when 33950 is divided by 361?
16
What is the remainder when 63534 is divided by 370?
264
What is the remainder when 129027 is divided by 110?
107
Calculate the remainder when 6003 is divided by 1007.
968
What is the remainder when 11528 is divided by 7?
6
What is the remainder when 1477 is divided by 297?
289
Calculate the remainder when 23478 is divided by 8.
6
Calculate the remainder when 43924 is divided by 21962.
0
Calculate the remainder when 6312 is divided by 5.
2
Calculate the remainder when 11513 is divided by 5731.
51
Calculate the remainder when 9988 is divided by 587.
9
Calculate the remainder when 305 is divided by 132.
41
What is the remainder when 537181 is divided by 19?
13
What is the remainder when 308 is divided by 31?
29
Calculate the remainder when 1205015 is divided by 17.
4
Calculate the remainder when 155131 is divided by 317.
118
Calculate the remainder when 22241 is divided by 1057.
44
Calculate the remainder when 97949 is divided by 2083.
48
Calculate the remainder when 1077 is divided by 989.
88
Calculate the remainder when 17545 is divided by 5835.
40
What is the remainder when 30844 is divided by 2569?
16
Calculate the remainder when 368726 is divided by 34.
30
Calculate the remainder when 14090 is divided by 164.
150
Calculate the remainder when 4510 is divided by 751.
4
What is the remainder when 5168 is divided by 20?
8
What is the remainder when 60865 is divided by 60849?
16
What 